r?
True
Is 1022799551 prime?
True
Is 91039421423 composite?
False
Is 44751244651 prime?
True
Is 7649569927 prime?
True
Is 25543447 prime?
False
Is 2664201107 a prime number?
False
Is 471958699 prime?
False
Is 14947962041 a prime number?
True
Is 2312576863 composite?
False
Is 4776621293 a composite number?
False
Is 20199950527 composite?
True
Is 962531411 a prime number?
False
Is 3159784601 prime?
True
Is 1799178167 a composite number?
False
Is 814904941 a prime number?
False
Is 3435879911 prime?
False
Is 244310233 composite?
False
Is 92445316313 a composite number?
True
Is 87521376989 a composite number?
True
Is 5389650589 a prime number?
True
Is 93946381 composite?
True
Is 9485076941 composite?
False
Is 717080377 a prime number?
False
Is 3031429301 composite?
False
Is 11205917923 a composite number?
True
Is 1245383230645 a prime number?
False
Is 55943411 a composite number?
True
Is 81831691 a prime number?
True
Is 54868694599 prime?
False
Is 874770643 a prime number?
True
Is 58349135129 composite?
False
Is 2424995849 composite?
False
Is 8852504161 a composite number?
False
Is 196945246919 prime?
False
Is 692445137 prime?
True
Is 51409990117 a composite number?
True
Is 9839180599 a prime number?
False
Is 433150547 composite?
False
Is 3581278133 a prime number?
False
Is 8272219467 prime?
False
Is 3000167867 a composite number?
True
Is 7433762959 composite?
True
Is 1933507117 prime?
True
Is 9787949839 composite?
True
Is 18032856181 composite?
True
Is 1156361113 prime?
True
Is 619214117 a composite number?
True
Is 1559580853 prime?
False
Is 248454287 composite?
False
Is 181686655 a prime number?
False
Is 1108803667 prime?
False
Is 223997303 prime?
True
Is 1021785529 a prime number?
False
Is 759061099 a composite number?
True
Is 6381860827 a prime number?
True
Is 341722181 composite?
False
Is 2515730533 composite?
True
Is 1578136267 a prime number?
False
Is 1322283457 a composite number?
True
Is 9462076301 a prime number?
True
Is 70589537 a prime number?
True
Is 7974436537 composite?
True
Is 9069129569 a composite number?
False
Is 49448419487 a prime number?
True
Is 19810045543 a prime number?
True
Is 6665127523 composite?
True
Is 2439386563 prime?
True
Is 818029697 a prime number?
False
Is 172455325586 a composite number?
True
Is 55190325181 prime?
False
Is 105975589 composite?
False
Is 1506134059 prime?
True
Is 15949468441 a composite number?
False
Is 4035152431 a prime number?
True
Is 527051687 composite?
False
Is 1276023737 composite?
True
Is 136847667263 composite?
True
Is 23702505761 prime?
False
Is 157781051 a composite number?
False
Is 210326771 a prime number?
False
Is 1537685939 prime?
True
Is 1106306051 prime?
False
Is 1628325473 a prime number?
True
Is 3688219 a prime number?
True
Is 1189028053 a prime number?
True
Is 3098509783 a composite number?
False
Is 6244862513 prime?
False
Is 2890876751 a prime number?
False
Is 1919372863 a composite number?
False
Is 69660976769 a composite number?
True
Is 14742870589 a composite number?
True
Is 2701697629 prime?
True
Is 16431355043 prime?
False
Is 6668718443 composite?
False
Is 233553422 prime?
False
Is 466388787 a composite number?
True
Is 66472554893 a composite number?
False
Is 2487574777 a prime number?
True
Is 1491479323 prime?
True
Is 37019627 composite?
True
Is 230846471 composite?
False
Is 241466341 a composite number?
True
Is 2477632958 a composite number?
True
Is 20880036167 a composite number?
False
Is 9473689982 a prime number?
False
Is 18125009317 prime?
False
Is 98832277 a prime number?
True
Is 25937599 a composite number?
False
Is 4562479903 prime?
True
Is 246933797 a prime number?
False
Is 1297086041 prime?
True
Is 2533585919 composite?
True
Is 427718393845 composite?
True
Is 11343318703 a prime number?
True
Is 838183303 composite?
False
Is 617420819 a composite number?
False
Is 22835140031 prime?
False
Is 212243523931 composite?
False
Is 70624731545 a prime number?
False
Is 29909070509 a composite number?
True
Is 5270653337 a composite number?
True
Is 10995978269 a composite number?
False
Is 70351866733 composite?
True
Is 78394291 a prime number?
True
Is 33029561249 prime?
False
Is 213542363 a prime number?
True
Is 2157611639 composite?
False
Is 32963974829 a composite number?
True
Is 4539845383 composite?
True
Is 756705461 prime?
False
Is 19473167201 a prime number?
True
Is 16959575119 a composite number?
False
Is 20153418809 prime?
False
Is 12773013857 a prime number?
True
Is 1637102117 a composite number?
True
Is 15389832869 a prime number?
False
Is 4242910561 prime?
False
Is 235311195111 prime?
False
Is 1706800327 prime?
True
Is 20926735589 a composite number?
False
Is 68694315953 composite?
False
Is 1265640353 a prime number?
True
Is 118762835161 a prime number?
True
Is 24694913 a composite number?
False
Is 948328529 a composite number?
True
Is 42352452019 a prime number?
False
Is 7313015 composite?
True
Is 1327073359 composite?
False
Is 18494731159 a composite number?
True
Is 38123549911 a composite number?
False
Is 16131561701 a composite number?
True
Is 8252971189 a prime number?
True
Is 190657619 a prime number?
True
Is 16614171529 prime?
False
Is 23991603491 a composite number?
True
Is 8820130533 composite?
True
Is 3241837609 prime?
True
Is 2059517117 prime?
False
Is 4677150737 composite?
True
Is 431706377 prime?
True
Is 3295308166 composite?
True
Is 223612760393 a composite number?
True
Is 2970347639 a prime number?
False
Is 3687883631 composite?
False
Is 580592107 a composite number?
True
Is 6666583141 prime?
False
Is 1654481993 composite?
False
Is 4182073853 a composite number?
True
Is 32020931 prime?
False
Is 834798647 composite?
False
Is 3197352787 a prime number?
True
Is 14683555527 prime?
False
Is 5184330317 a prime number?
True
Is 8039024611 a composite number?
True
Is 24413585291 a composite number?
False
Is 2987216237 a composite number?
False
Is 19702214431 a prime number?
True
Is 479182331 composite?
False
Is 3249799103 a prime number?
False
Is 15166941943 a prime number?
False
Is 29624958653 composite?
True
Is 760071371 a prime number?
False
Is 982286633 prime?
False
Is 1046462017 prime?
True
Is 4463247673 a prime number?
True
Is 40265675317 a prime number?
False
Is 18177961843 a prime number?
False
Is 1283837743 prime?
False
Is 225390974323 a prime number?
True
Is 2982409427 composite?
False
Is 60398532559 composite?
True
Is 6326457637 a prime number?
False
Is 274599617 a prime number?
False
Is 5660312443 prime?
False
Is 5853264745 a composite number?
True
Is 2598564557 composite?
True
Is 9256304807 a prime number?
True
Is 1216663661 prime?
True
Is 368150789 a prime number?
False
Is 1858385251 a composite number?
False
Is 12161195657 a composite number?
True
Is 9603237883 a composite number?
False
Is 116714341669 a prime number?
True
Is 1917225607 a prime number?
False
Is 3742269647 a prime number?
False
Is 1074445571 a composite number?
False
Is 17332946911 a prime number?
False
Is 60626905169 a prime number?
False
Is 43558541077 composite?
False
Is 27697446397 prime?
False
Is 186588899 a prime number?
False
Is 45183563 composite?
False
Is 10269796223 a composite number?
False
Is 2151936361 composite?
True
Is 1389417943 composite?
False
Is 1041264967 composite?
False
Is 599265313 composite?
True
Is 11764628119 a composite number?
False
Is 1331107051 prime?
False
Is 351235751 a prime number?
True
Is 36101778763 a prime number?
True
Is 314534509 composite?
False
Is 2953635397 a composite number?
True
Is 26905067407 prime?
False
Is 734895949 a prime number?
True
Is 11075289059 a prime number?
False
Is 81767687 prime?
False
Is 1546973843 a composite number?
False
Is 13758419 a prime number?
True
Is 397936349 prime?
False
Is 495420353 a prime number?
True
Is 42210351793 a composite number?
False
Is 8446989767 prime?
False
Is 983172193 prime?
True
Is 2391703849 composite?
False
Is 65757767107 composite?
False
Is 776948269 prime?
False
Is 617282021 prime?
False
Is 1911079238 a prime number?
False
Is 6263305759 a prime number?
True
Is 9643279967 a composite number?
False
Is 2776341203 a composite number?
True
Is 8819321513 prime?
False
Is 796559369 prime?
True
Is 5920020319 a composite number?
False
Is 255533989 composite?
True
Is 21922377443 a prime numb